{"id":662,"date":"2020-10-26T12:10:19","date_gmt":"2020-10-26T12:10:19","guid":{"rendered":"http:\/\/igrajsezmano.eu\/?page_id=662"},"modified":"2025-06-30T14:43:50","modified_gmt":"2025-06-30T13:43:50","slug":"mednarodni-kulturno-likovni-dogodek","status":"publish","type":"page","link":"https:\/\/igrajsezmano.eu\/?page_id=662","title":{"rendered":"Mednarodni kulturno-likovni dogodek"},"content":{"rendered":"\t\t<div data-elementor-type=\"wp-page\" data-elementor-id=\"662\" class=\"elementor elementor-662\" data-elementor-settings=\"[]\">\n\t\t\t\t\t\t<div class=\"elementor-inner\">\n\t\t\t\t\t\t\t<div class=\"elementor-section-wrap\">\n\t\t\t\t\t\t\t<section class=\"elementor-section elementor-top-section elementor-element elementor-element-797594f elementor-section-boxed elementor-section-height-default elementor-section-height-default\" data-id=\"797594f\" data-element_type=\"section\">\n\t\t\t\t\t\t<div class=\"elementor-container elementor-column-gap-default\">\n\t\t\t\t\t\t\t<div class=\"elementor-row\">\n\t\t\t\t\t<div class=\"elementor-column elementor-col-50 elementor-top-column elementor-element elementor-element-82bfe9e\" data-id=\"82bfe9e\" data-element_type=\"column\">\n\t\t\t<div class=\"elementor-column-wrap elementor-element-populated\">\n\t\t\t\t\t\t\t<div class=\"elementor-widget-wrap\">\n\t\t\t\t\t\t<div class=\"elementor-element elementor-element-bfdda28 elementor-widget elementor-widget-heading\" data-id=\"bfdda28\" data-element_type=\"widget\" data-widget_type=\"heading.default\">\n\t\t\t\t<div class=\"elementor-widget-container\">\n\t\t\t<h1 class=\"elementor-heading-title elementor-size-default\">Mednarodni kulturno-likovni dogodek<\/h1>\t\t<\/div>\n\t\t\t\t<\/div>\n\t\t\t\t<div class=\"elementor-element elementor-element-cfb47be elementor-widget elementor-widget-text-editor\" data-id=\"cfb47be\" data-element_type=\"widget\" data-widget_type=\"text-editor.default\">\n\t\t\t\t<div class=\"elementor-widget-container\">\n\t\t\t\t\t<div class=\"elementor-text-editor elementor-clearfix\"><p>Mednarodni kulturno-likovni dogodek je otvoritvena razstava likovnih del. To je enodnevni dogodek. Obi\u010dajno se odvija v <a href=\"https:\/\/www.glu-sg.si\/exhibition\/bobi-umetnik-igraj-se-z-mano\/?from=front\">Koro\u0161ki galeriji likovnih umetnosti v Slovenj Gradcu<\/a>.<\/p><p>Na dogodek obi\u010dajno povabimo u\u010dence (avtorje) in u\u010ditelje (mentorje) likovnih del, ki so bila izbrana.<\/p><p>Dogodek se za\u010dne \u017ee v dopoldanskem \u010dasu. Takrat potekajo razli\u010dne delavnice.<\/p><p>Potem vsak otrok dobi eno likovno delo, ki ga izobesi v galeriji. Tako otroci \u010disto sami postavijo razstavo.<\/p><\/div>\n\t\t\t\t<\/div>\n\t\t\t\t<\/div>\n\t\t\t\t\t\t<\/div>\n\t\t\t\t\t<\/div>\n\t\t<\/div>\n\t\t\t\t<div class=\"elementor-column elementor-col-50 elementor-top-column elementor-element elementor-element-0899b8f\" data-id=\"0899b8f\" data-element_type=\"column\">\n\t\t\t<div class=\"elementor-column-wrap elementor-element-populated\">\n\t\t\t\t\t\t\t<div class=\"elementor-widget-wrap\">\n\t\t\t\t\t\t<div class=\"elementor-element elementor-element-d800c03 elementor-widget elementor-widget-image\" data-id=\"d800c03\" data-element_type=\"widget\" data-widget_type=\"image.default\">\n\t\t\t\t<div class=\"elementor-widget-container\">\n\t\t\t\t\t<div class=\"elementor-image\">\n\t\t\t\t\t\t\t\t\t\t<img loading=\"lazy\" decoding=\"async\" width=\"2560\" height=\"1707\" src=\"https:\/\/igrajsezmano.eu\/wp-content\/uploads\/2024\/03\/IMG_5839-scaled.jpg\" class=\"attachment-full size-full\" alt=\"\" srcset=\"https:\/\/igrajsezmano.eu\/wp-content\/uploads\/2024\/03\/IMG_5839-scaled.jpg 2560w, https:\/\/igrajsezmano.eu\/wp-content\/uploads\/2024\/03\/IMG_5839-300x200.jpg 300w, https:\/\/igrajsezmano.eu\/wp-content\/uploads\/2024\/03\/IMG_5839-1024x683.jpg 1024w, https:\/\/igrajsezmano.eu\/wp-content\/uploads\/2024\/03\/IMG_5839-768x512.jpg 768w, https:\/\/igrajsezmano.eu\/wp-content\/uploads\/2024\/03\/IMG_5839-1536x1024.jpg 1536w, https:\/\/igrajsezmano.eu\/wp-content\/uploads\/2024\/03\/IMG_5839-2048x1365.jpg 2048w, https:\/\/igrajsezmano.eu\/wp-content\/uploads\/2024\/03\/IMG_5839-600x400.jpg 600w\" sizes=\"auto, (max-width: 2560px) 100vw, 2560px\" \/>\t\t\t\t\t\t\t\t\t\t\t<\/div>\n\t\t\t\t<\/div>\n\t\t\t\t<\/div>\n\t\t\t\t<div class=\"jet-parallax-widget elementor-element elementor-element-bd699cd elementor-widget__width-initial elementor-absolute elementor-hidden-phone elementor-widget elementor-widget-image\" data-jet-tricks-settings=\"{&quot;parallax&quot;:&quot;true&quot;,&quot;invert&quot;:&quot;false&quot;,&quot;speed&quot;:{&quot;unit&quot;:&quot;%&quot;,&quot;size&quot;:50},&quot;stickyOn&quot;:[&quot;desktop&quot;,&quot;tablet&quot;,&quot;mobile&quot;]}\" data-id=\"bd699cd\" data-element_type=\"widget\" data-settings=\"{&quot;_position&quot;:&quot;absolute&quot;}\" data-widget_type=\"image.default\">\n\t\t\t\t<div class=\"elementor-widget-container\">\n\t\t\t\t\t<div class=\"elementor-image\">\n\t\t\t\t\t\t\t\t\t\t<img loading=\"lazy\" decoding=\"async\" width=\"141\" height=\"106\" src=\"https:\/\/igrajsezmano.eu\/wp-content\/uploads\/2020\/11\/dogodek3.jpg\" class=\"attachment-full size-full\" alt=\"\" \/>\t\t\t\t\t\t\t\t\t\t\t<\/div>\n\t\t\t\t<\/div>\n\t\t\t\t<\/div>\n\t\t\t\t<div class=\"jet-parallax-widget elementor-element elementor-element-3535aea elementor-widget__width-initial elementor-absolute elementor-hidden-phone elementor-widget elementor-widget-image\" data-jet-tricks-settings=\"{&quot;parallax&quot;:&quot;true&quot;,&quot;invert&quot;:&quot;true&quot;,&quot;speed&quot;:{&quot;unit&quot;:&quot;%&quot;,&quot;size&quot;:50},&quot;stickyOn&quot;:[&quot;desktop&quot;,&quot;tablet&quot;,&quot;mobile&quot;]}\" data-id=\"3535aea\" data-element_type=\"widget\" data-settings=\"{&quot;_position&quot;:&quot;absolute&quot;}\" data-widget_type=\"image.default\">\n\t\t\t\t<div class=\"elementor-widget-container\">\n\t\t\t\t\t<div class=\"elementor-image\">\n\t\t\t\t\t\t\t\t\t\t<img loading=\"lazy\" decoding=\"async\" width=\"280\" height=\"210\" src=\"https:\/\/igrajsezmano.eu\/wp-content\/uploads\/2020\/11\/dogodek2.jpg\" class=\"attachment-full size-full\" alt=\"\" \/>\t\t\t\t\t\t\t\t\t\t\t<\/div>\n\t\t\t\t<\/div>\n\t\t\t\t<\/div>\n\t\t\t\t\t\t<\/div>\n\t\t\t\t\t<\/div>\n\t\t<\/div>\n\t\t\t\t\t\t\t\t<\/div>\n\t\t\t\t\t<\/div>\n\t\t<\/section>\n\t\t\t\t<section class=\"elementor-section elementor-top-section elementor-element elementor-element-dfadb56 elementor-section-boxed elementor-section-height-default elementor-section-height-default\" data-id=\"dfadb56\" data-element_type=\"section\">\n\t\t\t\t\t\t<div class=\"elementor-container elementor-column-gap-default\">\n\t\t\t\t\t\t\t<div class=\"elementor-row\">\n\t\t\t\t\t<div class=\"elementor-column elementor-col-100 elementor-top-column elementor-element elementor-element-368c088\" data-id=\"368c088\" data-element_type=\"column\">\n\t\t\t<div class=\"elementor-column-wrap elementor-element-populated\">\n\t\t\t\t\t\t\t<div class=\"elementor-widget-wrap\">\n\t\t\t\t\t\t<div class=\"elementor-element elementor-element-1078d4e elementor-widget elementor-widget-text-editor\" data-id=\"1078d4e\" data-element_type=\"widget\" data-widget_type=\"text-editor.default\">\n\t\t\t\t<div class=\"elementor-widget-container\">\n\t\t\t\t\t<div class=\"elementor-text-editor elementor-clearfix\"><h3><strong>\u00a0 \u00a0 \u00a0 <img decoding=\"async\" class=\"emoji\" role=\"img\" draggable=\"false\" src=\"https:\/\/s.w.org\/images\/core\/emoji\/13.0.0\/svg\/2728.svg\" alt=\"\u2728\" \/>18. Mednarodni kulturno-likovni dogodek Bodi umetnik \u2018Igraj se z mano\u2019<img decoding=\"async\" class=\"emoji\" role=\"img\" draggable=\"false\" src=\"https:\/\/s.w.org\/images\/core\/emoji\/13.0.0\/svg\/2728.svg\" alt=\"\u2728\" \/><\/strong><\/h3><\/div>\n\t\t\t\t<\/div>\n\t\t\t\t<\/div>\n\t\t\t\t\t\t<\/div>\n\t\t\t\t\t<\/div>\n\t\t<\/div>\n\t\t\t\t\t\t\t\t<\/div>\n\t\t\t\t\t<\/div>\n\t\t<\/section>\n\t\t\t\t<section class=\"elementor-section elementor-top-section elementor-element elementor-element-9dcc98c elementor-section-boxed elementor-section-height-default elementor-section-height-default\" data-id=\"9dcc98c\" data-element_type=\"section\">\n\t\t\t\t\t\t<div class=\"elementor-container elementor-column-gap-default\">\n\t\t\t\t\t\t\t<div class=\"elementor-row\">\n\t\t\t\t\t<div class=\"elementor-column elementor-col-100 elementor-top-column elementor-element elementor-element-4eb925d\" data-id=\"4eb925d\" data-element_type=\"column\">\n\t\t\t<div class=\"elementor-column-wrap elementor-element-populated\">\n\t\t\t\t\t\t\t<div class=\"elementor-widget-wrap\">\n\t\t\t\t\t\t<div class=\"elementor-element elementor-element-263089d elementor-aspect-ratio-169 elementor-widget elementor-widget-video\" data-id=\"263089d\" data-element_type=\"widget\" data-settings=\"{&quot;aspect_ratio&quot;:&quot;169&quot;}\" data-widget_type=\"video.default\">\n\t\t\t\t<div class=\"elementor-widget-container\">\n\t\t\t\t\t<div class=\"elementor-wrapper elementor-fit-aspect-ratio elementor-open-inline\">\n\t\t\t<iframe class=\"elementor-video-iframe\" allowfullscreen title=\"youtube Video Player\" src=\"https:\/\/www.youtube.com\/embed\/AMvyQNZS96o?feature=oembed&amp;start&amp;end&amp;wmode=opaque&amp;loop=0&amp;controls=1&amp;mute=0&amp;rel=0&amp;modestbranding=0\"><\/iframe>\t\t<\/div>\n\t\t\t\t<\/div>\n\t\t\t\t<\/div>\n\t\t\t\t\t\t<\/div>\n\t\t\t\t\t<\/div>\n\t\t<\/div>\n\t\t\t\t\t\t\t\t<\/div>\n\t\t\t\t\t<\/div>\n\t\t<\/section>\n\t\t\t\t<section class=\"elementor-section elementor-top-section elementor-element elementor-element-920f15a elementor-section-boxed elementor-section-height-default elementor-section-height-default\" data-id=\"920f15a\" data-element_type=\"section\">\n\t\t\t\t\t\t<div class=\"elementor-container elementor-column-gap-default\">\n\t\t\t\t\t\t\t<div class=\"elementor-row\">\n\t\t\t\t\t<div class=\"elementor-column elementor-col-100 elementor-top-column elementor-element elementor-element-fa73429\" data-id=\"fa73429\" data-element_type=\"column\">\n\t\t\t<div class=\"elementor-column-wrap elementor-element-populated\">\n\t\t\t\t\t\t\t<div class=\"elementor-widget-wrap\">\n\t\t\t\t\t\t<div class=\"elementor-element elementor-element-73fa659 elementor-widget elementor-widget-text-editor\" data-id=\"73fa659\" data-element_type=\"widget\" data-widget_type=\"text-editor.default\">\n\t\t\t\t<div class=\"elementor-widget-container\">\n\t\t\t\t\t<div class=\"elementor-text-editor elementor-clearfix\"><h3><span style=\"font-size: 18px;\">\ud83c\udf88\ud835\udde9 \ud835\uddde\ud835\uddda\ud835\udddf\ud835\udde8 <b>smo<\/b>\u00a0<b>26. 3. 2025 <\/b>\ud835\uddfc\ud835\uddf1\ud835\uddfd\ud835\uddff\ud835\uddf9\ud835\uddf6 \ud835\uddff\ud835\uddee\ud835\ude07\ud835\ude00\ud835\ude01\ud835\uddee\ud835\ude03\ud835\uddfc \ud835\udddc\ud835\uddda\ud835\udde5\ud835\uddd4\ud835\udddd \ud835\udde6\ud835\uddd8 \ud835\udded \ud835\udde0\ud835\uddd4\ud835\udde1\ud835\udde2 \ud835\uddf6\ud835\uddfb \ud835\ude01\ud835\uddfc \ud835\uddfb\ud835\uddee \ud835\uddfd\ud835\uddff\ud835\uddee\ud835\ude03 \ud835\uddfd\ud835\uddfc\ud835\ude00\ud835\uddf2\ud835\uddef\ud835\uddf2\ud835\uddfb \ud835\uddfb\ud835\uddee\ud835\uddf0\u030c\ud835\uddf6\ud835\uddfb \u2013 \ud835\ude07 \ud835\uddf1\ud835\uddfc\ud835\uddf4\ud835\uddfc\ud835\uddf1\ud835\uddf8\ud835\uddfc\ud835\uddfa \ud835\uddd5\ud835\uddfc\ud835\uddf1\ud835\uddf6 \ud835\ude02\ud835\uddfa\ud835\uddf2\ud835\ude01\ud835\uddfb\ud835\uddf6\ud835\uddf8, \ud835\uddf8\ud835\uddf6 \ud835\uddf7\ud835\uddf2 \ud835\ude07\ud835\uddf1\ud835\uddff\ud835\ude02\ud835\ude07\u030c\ud835\uddf6\ud835\uddf9 \ud835\ude02\ud835\uddfa\ud835\uddf2\ud835\ude01\ud835\uddfb\ud835\uddfc\ud835\ude00\ud835\ude01, \ud835\uddf6\ud835\uddf4\ud835\uddff\ud835\uddfc \ud835\uddf6\ud835\uddfb \ud835\uddf6\ud835\uddfb\ud835\uddf8\ud835\uddf9\ud835\ude02\ud835\ude07\ud835\uddf6\ud835\uddf7\ud835\uddfc!<\/span><\/h3><h3><span style=\"font-size: 18px;\">\u27a1\ufe0f Razstava predstavlja izbor izmed ve\u010d kot 6500 prispelih del na \u017ee 18. mednarodni likovni nate\u010daj IGRAJ SE Z MANO, ki ga organizirata Center Janeza Levca Ljubljana in Dru\u0161tvo za kulturo inkluzije v sodelovanju s Koro\u0161ko galerijo likovnih umetnosti.<\/span><\/h3><h3><span style=\"font-size: 18px;\">\u27a1\ufe0f Zbralo se nas je preko 300 udele\u017eencev iz vse Slovenije \u2013 razli\u010dnih starosti, iz \u0161ol, zavodov in posamezniki. Skupaj smo se igrali, ustvarjali in postavljali razstavo. Udele\u017eenci so se preizkusili tudi kot kustosi \u2013 izbrana dela so sami postavili na galerijske stene!<\/span><\/h3><h3><span style=\"font-size: 18px;\">\u27a1\ufe0f Vrhunec dneva? Nastop raperja Zlatka, ki je s svojo energijo navdu\u0161il prav vse. Program je povezovala igralka Lea \u010cok, skupaj pa smo tudi zaplesali in zapeli.\u00a0<\/span><\/h3><h3><span style=\"font-size: 18px;\">\ud83c\udf0d \ud835\udddf\ud835\uddf2\ud835\ude01\ud835\uddfc\ud835\ude00\u030c\ud835\uddfb\ud835\uddf7\ud835\uddf6 \ud835\uddfb\ud835\uddee\ud835\ude01\ud835\uddf2\ud835\uddf0\u030c\ud835\uddee\ud835\uddf7 \ud835\uddf7\ud835\uddf2 \ud835\uddfd\ud835\uddff\ud835\uddf2\ud835\ude00\ud835\uddf2\ud835\uddf4\ud835\uddf2\ud835\uddf9 \ud835\uddf1\ud835\uddfc\ud835\ude00\ud835\uddf2\ud835\uddf1\ud835\uddee\ud835\uddfb\ud835\uddf7\ud835\uddf2 \ud835\uddf6\ud835\ude07\ud835\ude03\ud835\uddf2\ud835\uddf1\ud835\uddef\ud835\uddf2: Na nate\u010daj je prispelo preko 6.500 likovnih del, kar je pribli\u017eno 700 del ve\u010d od lanskega leta, na razstavo pa je bilo izbranih skoraj 883 del, kar je podobno kot lani. Sodelovalo je preko 320 razli\u010dnih ustanov iz 15 razli\u010dnih dr\u017eav, in sicer iz Slovenije, Hrva\u0161ke, Srbije, Severne Makedonije, Kosova, Mad\u017earske, \u0160panije, Estonije, Latvije, Luksemburga, Ukrajine, Maroka, Kanade, Kitajske in Indije.<\/span><\/h3><h3><span style=\"font-size: 18px;\">Razstavljena dela je skrbno izbrala kustosinja pedagoginja Nina Popi\u010d (KGLU), pri \u010demer je izbirala na podlagi izvirnosti, raznolikosti in tehni\u010dne dovr\u0161enosti.<\/span><\/h3><\/div>\n\t\t\t\t<\/div>\n\t\t\t\t<\/div>\n\t\t\t\t\t\t<\/div>\n\t\t\t\t\t<\/div>\n\t\t<\/div>\n\t\t\t\t\t\t\t\t<\/div>\n\t\t\t\t\t<\/div>\n\t\t<\/section>\n\t\t\t\t\t\t<\/div>\n\t\t\t\t\t\t<\/div>\n\t\t\t\t\t<\/div>\n\t\t","protected":false},"excerpt":{"rendered":"<p>Mednarodni kulturno-likovni dogodek Mednarodni kulturno-likovni dogodek je otvoritvena razstava likovnih del. To je enodnevni dogodek. Obi\u010dajno se odvija v Koro\u0161ki galeriji likovnih umetnosti v Slovenj Gradcu. Na dogodek obi\u010dajno povabimo u\u010dence (avtorje) in u\u010ditelje (mentorje) likovnih del, ki so bila izbrana. Dogodek se za\u010dne \u017ee v dopoldanskem \u010dasu. Takrat potekajo razli\u010dne delavnice. Potem vsak otrok [&hellip;]<\/p>\n","protected":false},"author":1,"featured_media":0,"parent":11,"menu_order":0,"comment_status":"closed","ping_status":"closed","template":"page-templates\/fullwidth-content.php","meta":{"footnotes":""},"class_list":["post-662","page","type-page","status-publish","hentry"],"_links":{"self":[{"href":"https:\/\/igrajsezmano.eu\/index.php?rest_route=\/wp\/v2\/pages\/662","targetHints":{"allow":["GET"]}}],"collection":[{"href":"https:\/\/igrajsezmano.eu\/index.php?rest_route=\/wp\/v2\/pages"}],"about":[{"href":"https:\/\/igrajsezmano.eu\/index.php?rest_route=\/wp\/v2\/types\/page"}],"author":[{"embeddable":true,"href":"https:\/\/igrajsezmano.eu\/index.php?rest_route=\/wp\/v2\/users\/1"}],"replies":[{"embeddable":true,"href":"https:\/\/igrajsezmano.eu\/index.php?rest_route=%2Fwp%2Fv2%2Fcomments&post=662"}],"version-history":[{"count":22,"href":"https:\/\/igrajsezmano.eu\/index.php?rest_route=\/wp\/v2\/pages\/662\/revisions"}],"predecessor-version":[{"id":3014,"href":"https:\/\/igrajsezmano.eu\/index.php?rest_route=\/wp\/v2\/pages\/662\/revisions\/3014"}],"up":[{"embeddable":true,"href":"https:\/\/igrajsezmano.eu\/index.php?rest_route=\/wp\/v2\/pages\/11"}],"wp:attachment":[{"href":"https:\/\/igrajsezmano.eu\/index.php?rest_route=%2Fwp%2Fv2%2Fmedia&parent=662"}],"curies":[{"name":"wp","href":"https:\/\/api.w.org\/{rel}","templated":true}]}}