{"id":665,"date":"2020-10-26T12:12:45","date_gmt":"2020-10-26T12:12:45","guid":{"rendered":"http:\/\/igrajsezmano.eu\/?page_id=665"},"modified":"2025-06-03T13:09:01","modified_gmt":"2025-06-03T12:09:01","slug":"mednarodna-potujoca-razstava","status":"publish","type":"page","link":"https:\/\/igrajsezmano.eu\/?page_id=665","title":{"rendered":"Mednarodna potujo\u010da razstava"},"content":{"rendered":"\t\t<div data-elementor-type=\"wp-page\" data-elementor-id=\"665\" class=\"elementor elementor-665\" data-elementor-settings=\"[]\">\n\t\t\t\t\t\t<div class=\"elementor-inner\">\n\t\t\t\t\t\t\t<div class=\"elementor-section-wrap\">\n\t\t\t\t\t\t\t<section class=\"elementor-section elementor-top-section elementor-element elementor-element-d5ec40c elementor-section-boxed elementor-section-height-default elementor-section-height-default\" data-id=\"d5ec40c\" data-element_type=\"section\">\n\t\t\t\t\t\t<div class=\"elementor-container elementor-column-gap-default\">\n\t\t\t\t\t\t\t<div class=\"elementor-row\">\n\t\t\t\t\t<div class=\"elementor-column elementor-col-50 elementor-top-column elementor-element elementor-element-2e7ae84\" data-id=\"2e7ae84\" data-element_type=\"column\">\n\t\t\t<div class=\"elementor-column-wrap elementor-element-populated\">\n\t\t\t\t\t\t\t<div class=\"elementor-widget-wrap\">\n\t\t\t\t\t\t<div class=\"elementor-element elementor-element-a98798a elementor-widget elementor-widget-heading\" data-id=\"a98798a\" data-element_type=\"widget\" data-widget_type=\"heading.default\">\n\t\t\t\t<div class=\"elementor-widget-container\">\n\t\t\t<h1 class=\"elementor-heading-title elementor-size-default\">Mednarodna potujo\u010da razstava<\/h1>\t\t<\/div>\n\t\t\t\t<\/div>\n\t\t\t\t<div class=\"elementor-element elementor-element-a063c84 elementor-widget elementor-widget-text-editor\" data-id=\"a063c84\" data-element_type=\"widget\" data-widget_type=\"text-editor.default\">\n\t\t\t\t<div class=\"elementor-widget-container\">\n\t\t\t\t\t<div class=\"elementor-text-editor elementor-clearfix\"><p><em>\u201cNa\u0161 cilj je organizacija dejavnosti, kjer se skozi razli\u010dne aktivnosti bri\u0161ejo meje med osebami s posebnimi potrebami in ostalo populacijo.\u201d<\/em><\/p>\n<p><span style=\"letter-spacing: 0px;\">Potujo\u010da razstava je pomemben del na\u0161e zgodbe o vklju\u010devanju vseh ljudi. Vanjo so vklju\u010dena likovna dela, ki smo jih prejeli na nate\u010daju. Likovna dela potujejo po celotni Sloveniji in tudi po tujini. <img decoding=\"async\" class=\"emoji\" role=\"img\" draggable=\"false\" src=\"https:\/\/s.w.org\/images\/core\/emoji\/13.0.0\/svg\/1f30d.svg\" alt=\"\ud83c\udf0d\"><\/span><\/p>\n<p>Vsak vrtec, \u0161ola, zavod oziroma katera druga institucija lahko gosti razstavo. <img decoding=\"async\" class=\"emoji\" role=\"img\" draggable=\"false\" src=\"https:\/\/s.w.org\/images\/core\/emoji\/13.0.0\/svg\/1f5bc.svg\" alt=\"\ud83d\uddbc\ufe0f\"> Poleg razstave ponujamo tudi delavnice in predstave, ki jih lahko izberete za otvoritev.<\/p>\n<p><strong>POSEBNOSTI NA\u0160E RAZSTAVE:<\/strong><\/p>\n<ul>\n<li>Organizirane so tako, da jih otroci postavijo sami.<\/li>\n<li>Za\u017eeleno je, da gostitelji razstave k sodelovanju povabijo organizacije v okolici.<\/li>\n<li>Poleg razstave potekajo tudi delavnice in nastopi.<\/li>\n<li>Razstave spodbujajo dru\u017eenje med otroci s posebnimi potrebami ter ve\u010dinsko populacijo in posamezniki vseh starosti.<\/li><\/ul><\/div>\n\t\t\t\t<\/div>\n\t\t\t\t<\/div>\n\t\t\t\t\t\t<\/div>\n\t\t\t\t\t<\/div>\n\t\t<\/div>\n\t\t\t\t<div class=\"elementor-column elementor-col-50 elementor-top-column elementor-element elementor-element-fe3cd7e\" data-id=\"fe3cd7e\" data-element_type=\"column\">\n\t\t\t<div class=\"elementor-column-wrap elementor-element-populated\">\n\t\t\t\t\t\t\t<div class=\"elementor-widget-wrap\">\n\t\t\t\t\t\t<div class=\"elementor-element elementor-element-3ffffec elementor-widget elementor-widget-image\" data-id=\"3ffffec\" data-element_type=\"widget\" data-widget_type=\"image.default\">\n\t\t\t\t<div class=\"elementor-widget-container\">\n\t\t\t\t\t<div class=\"elementor-image\">\n\t\t\t\t\t\t\t\t\t\t<img loading=\"lazy\" decoding=\"async\" width=\"490\" height=\"367\" src=\"https:\/\/igrajsezmano.eu\/wp-content\/uploads\/2020\/11\/razstava1-1.jpg\" class=\"attachment-full size-full\" alt=\"\" srcset=\"https:\/\/igrajsezmano.eu\/wp-content\/uploads\/2020\/11\/razstava1-1.jpg 490w, https:\/\/igrajsezmano.eu\/wp-content\/uploads\/2020\/11\/razstava1-1-300x225.jpg 300w\" sizes=\"auto, (max-width: 490px) 100vw, 490px\" \/>\t\t\t\t\t\t\t\t\t\t\t<\/div>\n\t\t\t\t<\/div>\n\t\t\t\t<\/div>\n\t\t\t\t<div class=\"jet-parallax-widget elementor-element elementor-element-4f714b1 elementor-widget__width-initial elementor-absolute elementor-hidden-phone elementor-widget elementor-widget-image\" data-jet-tricks-settings=\"{&quot;parallax&quot;:&quot;true&quot;,&quot;invert&quot;:&quot;false&quot;,&quot;speed&quot;:{&quot;unit&quot;:&quot;%&quot;,&quot;size&quot;:50},&quot;stickyOn&quot;:[&quot;desktop&quot;,&quot;tablet&quot;,&quot;mobile&quot;]}\" data-id=\"4f714b1\" data-element_type=\"widget\" data-settings=\"{&quot;_position&quot;:&quot;absolute&quot;}\" data-widget_type=\"image.default\">\n\t\t\t\t<div class=\"elementor-widget-container\">\n\t\t\t\t\t<div class=\"elementor-image\">\n\t\t\t\t\t\t\t\t\t\t<img loading=\"lazy\" decoding=\"async\" width=\"141\" height=\"106\" src=\"https:\/\/igrajsezmano.eu\/wp-content\/uploads\/2020\/11\/razstava3.jpg\" class=\"attachment-full size-full\" alt=\"\" \/>\t\t\t\t\t\t\t\t\t\t\t<\/div>\n\t\t\t\t<\/div>\n\t\t\t\t<\/div>\n\t\t\t\t<div class=\"jet-parallax-widget elementor-element elementor-element-05ec4ae elementor-widget__width-initial elementor-absolute elementor-hidden-phone elementor-widget elementor-widget-image\" data-jet-tricks-settings=\"{&quot;parallax&quot;:&quot;true&quot;,&quot;invert&quot;:&quot;true&quot;,&quot;speed&quot;:{&quot;unit&quot;:&quot;%&quot;,&quot;size&quot;:50},&quot;stickyOn&quot;:[&quot;desktop&quot;,&quot;tablet&quot;,&quot;mobile&quot;]}\" data-id=\"05ec4ae\" data-element_type=\"widget\" data-settings=\"{&quot;_position&quot;:&quot;absolute&quot;}\" data-widget_type=\"image.default\">\n\t\t\t\t<div class=\"elementor-widget-container\">\n\t\t\t\t\t<div class=\"elementor-image\">\n\t\t\t\t\t\t\t\t\t\t<img loading=\"lazy\" decoding=\"async\" width=\"280\" height=\"210\" src=\"https:\/\/igrajsezmano.eu\/wp-content\/uploads\/2020\/11\/razstava2-1.jpg\" class=\"attachment-full size-full\" alt=\"\" \/>\t\t\t\t\t\t\t\t\t\t\t<\/div>\n\t\t\t\t<\/div>\n\t\t\t\t<\/div>\n\t\t\t\t\t\t<\/div>\n\t\t\t\t\t<\/div>\n\t\t<\/div>\n\t\t\t\t\t\t\t\t<\/div>\n\t\t\t\t\t<\/div>\n\t\t<\/section>\n\t\t\t\t\t\t<\/div>\n\t\t\t\t\t\t<\/div>\n\t\t\t\t\t<\/div>\n\t\t","protected":false},"excerpt":{"rendered":"<p>Mednarodna potujo\u010da razstava \u201cNa\u0161 cilj je organizacija dejavnosti, kjer se skozi razli\u010dne aktivnosti bri\u0161ejo meje med osebami s posebnimi potrebami in ostalo populacijo.\u201d Potujo\u010da razstava je pomemben del na\u0161e zgodbe o vklju\u010devanju vseh ljudi. Vanjo so vklju\u010dena likovna dela, ki smo jih prejeli na nate\u010daju. Likovna dela potujejo po celotni Sloveniji in tudi po tujini. [&hellip;]<\/p>\n","protected":false},"author":1,"featured_media":0,"parent":11,"menu_order":0,"comment_status":"closed","ping_status":"closed","template":"page-templates\/fullwidth-content.php","meta":{"footnotes":""},"class_list":["post-665","page","type-page","status-publish","hentry"],"_links":{"self":[{"href":"https:\/\/igrajsezmano.eu\/index.php?rest_route=\/wp\/v2\/pages\/665","targetHints":{"allow":["GET"]}}],"collection":[{"href":"https:\/\/igrajsezmano.eu\/index.php?rest_route=\/wp\/v2\/pages"}],"about":[{"href":"https:\/\/igrajsezmano.eu\/index.php?rest_route=\/wp\/v2\/types\/page"}],"author":[{"embeddable":true,"href":"https:\/\/igrajsezmano.eu\/index.php?rest_route=\/wp\/v2\/users\/1"}],"replies":[{"embeddable":true,"href":"https:\/\/igrajsezmano.eu\/index.php?rest_route=%2Fwp%2Fv2%2Fcomments&post=665"}],"version-history":[{"count":27,"href":"https:\/\/igrajsezmano.eu\/index.php?rest_route=\/wp\/v2\/pages\/665\/revisions"}],"predecessor-version":[{"id":2988,"href":"https:\/\/igrajsezmano.eu\/index.php?rest_route=\/wp\/v2\/pages\/665\/revisions\/2988"}],"up":[{"embeddable":true,"href":"https:\/\/igrajsezmano.eu\/index.php?rest_route=\/wp\/v2\/pages\/11"}],"wp:attachment":[{"href":"https:\/\/igrajsezmano.eu\/index.php?rest_route=%2Fwp%2Fv2%2Fmedia&parent=665"}],"curies":[{"name":"wp","href":"https:\/\/api.w.org\/{rel}","templated":true}]}}